76 a multiple of 24?
True
Is 522 a multiple of 12?
False
Is 170 a factor of 22100?
True
Is 1532 a multiple of 85?
False
Does 66 divide 83745?
False
Is 23 a factor of 4807?
True
Is 10 a factor of 271?
False
Is 57 a multiple of 19?
True
Does 43 divide 3139?
True
Is 36 a factor of 1458?
False
Is 12 a factor of 8299?
False
Is 5972 a multiple of 65?
False
Does 62 divide 15686?
True
Is 11 a factor of 557?
False
Is 35 even?
False
Does 75 divide 7050?
True
Does 12 divide 16732?
False
Does 13 divide 1144?
True
Is 18 a factor of 3330?
True
Is 18 a factor of 1935?
False
Is 8 a factor of 697?
False
Does 8 divide 799?
False
Is 1632 a multiple of 8?
True
Does 115 divide 15962?
False
Is 105 a factor of 6916?
False
Is 55 a factor of 1320?
True
Does 73 divide 79888?
False
Does 19 divide 1957?
True
Is 105 a multiple of 13?
False
Does 24 divide 1396?
False
Is 626 a multiple of 19?
False
Does 16 divide 3632?
True
Is 7 a factor of 7252?
True
Is 11 a factor of 14971?
True
Is 56443 a multiple of 28?
False
Is 51898 a multiple of 11?
True
Does 19 divide 434?
False
Is 6 a factor of 7676?
False
Does 72 divide 504?
True
Is 1053 a multiple of 16?
False
Is 23 a factor of 11362?
True
Does 4 divide 688?
True
Does 17 divide 451?
False
Is 9 a factor of 90?
True
Is 47691 a multiple of 235?
False
Is 400 a multiple of 4?
True
Is 24 a factor of 240?
True
Is 23 a factor of 26760?
False
Is 3900 a multiple of 7?
False
Is 35 a factor of 8890?
True
Is 5150 a multiple of 92?
False
Is 18 a factor of 9900?
True
Is 128 a factor of 16200?
False
Is 377 a factor of 69745?
True
Is 49410 a multiple of 27?
True
Is 7 a factor of 406?
True
Is 22 a factor of 550?
True
Is 40 a factor of 2470?
False
Does 12 divide 3848?
False
Is 629 a multiple of 13?
False
Is 1120 a multiple of 56?
True
Is 87 a factor of 648?
False
Does 21 divide 2499?
True
Is 1638 a multiple of 19?
False
Is 112 a multiple of 14?
True
Is 28858 a multiple of 10?
False
Is 13 a factor of 37?
False
Is 92981 a multiple of 259?
True
Is 139 a factor of 37496?
False
Does 31 divide 31?
True
Is 9 a factor of 126?
True
Is 19008 a multiple of 25?
False
Does 48 divide 2105?
False
Does 100 divide 6166?
False
Does 38 divide 4978?
True
Is 16 a factor of 38720?
True
Is 138 a factor of 82117?
False
Does 12 divide 56994?
False
Does 6 divide 630?
True
Is 1025 a multiple of 3?
False
Is 53998 a multiple of 14?
True
Does 2 divide 15?
False
Does 14 divide 406?
True
Does 11 divide 29849?
False
Is 11 a factor of 14678?
False
Does 3 divide 421?
False
Does 12 divide 1137?
False
Does 13 divide 6630?
True
Is 245 a factor of 39196?
False
Is 10 a factor of 56790?
True
Is 39 a factor of 2691?
True
Is 50 a factor of 2450?
True
Is 995 a multiple of 39?
False
Is 3 a factor of 6466?
False
Does 53 divide 4786?
False
Is 97 a factor of 6305?
True
Is 26 a factor of 2360?
False
Is 2046 a multiple of 92?
False
Does 6 divide 3924?
True
Does 67 divide 6525?
False
Is 7 a factor of 10038?
True
Is 15 a factor of 67554?
False
Is 11 a factor of 137?
False
Is 13 a factor of 11284?
True
Does 25 divide 19959?
False
Is 28 a factor of 10080?
True
Does 4 divide 239?
False
Does 26 divide 6121?
False
Is 16904 a multiple of 34?
False
Is 43800 a multiple of 150?
True
Is 47790 a multiple of 118?
True
Is 61 a factor of 1709?
False
Is 14 a factor of 770?
True
Is 3 a factor of 21735?
True
Is 13 a factor of 7154?
False
Does 68 divide 34884?
True
Is 20 a factor of 7720?
True
Is 108 a factor of 33615?
False
Does 7 divide 2044?
True
Is 3 a factor of 1410?
True
Does 89 divide 13019?
False
Is 25 a factor of 150?
True
Does 10 divide 7990?
True
Is 72713 a multiple of 43?
True
Is 1497 a multiple of 19?
False
Does 164 divide 2296?
True
Is 32 a factor of 4623?
False
Does 9 divide 20035?
False
Is 169 a factor of 35490?
True
Does 38 divide 7752?
True
Does 66 divide 5016?
True
Is 267 a factor of 51264?
True
Is 5 a factor of 240?
True
Is 35100 a multiple of 12?
True
Is 785 a multiple of 48?
False
Does 83 divide 4961?
False
Does 207 divide 85698?
True
Does 165 divide 64515?
True
Is 5 a factor of 512?
False
Is 2000 a multiple of 19?
False
Is 364 a multiple of 3?
False
Does 4 divide 196?
True
Is 10465 a multiple of 7?
True
Does 77 divide 18095?
True
Does 54 divide 132?
False
Is 13599 a multiple of 9?
True
Is 19 a factor of 3419?
False
Is 6 a factor of 726?
True
Is 40890 a multiple of 282?
True
Is 23 a factor of 575?
True
Is 2 a factor of 9695?
False
Is 532 a multiple of 14?
True
Is 4030 a multiple of 7?
False
Does 8 divide 4784?
True
Does 17 divide 1105?
True
Does 84 divide 839?
False
Is 756 a multiple of 42?
True
Does 10 divide 19910?
True
Is 6725 a multiple of 11?
False
Does 85 divide 11142?
False
Is 10600 a multiple of 20?
True
Is 105 a factor of 221?
False
Is 116 a multiple of 2?
True
Is 455 a multiple of 91?
True
Does 2 divide 92?
True
Is 14850 a multiple of 30?
True
Is 1545 a multiple of 47?
False
Does 60 divide 14640?
True
Is 113737 a multiple of 365?
False
Is 511 a multiple of 3?
False
Does 11 divide 398?
False
Is 391 a multiple of 2?
False
Is 713 a multiple of 71?
False
Does 265 divide 25970?
True
Is 29771 a multiple of 42?
False
Is 212 a factor of 18725?
False
Is 672 a multiple of 74?
False
Does 132 divide 45804?
True
Is 153634 a multiple of 13?
True
Is 1011 a multiple of 3?
True
Is 49 a factor of 4158?
False
Is 58 a factor of 2552?
True
Is 35 a factor of 16535?
False
Is 44 a factor of 3564?
True
Does 12 divide 18744?
True
Does 17 divide 680?
True
Is 9 a factor of 852?
False
Does 185 divide 4440?
True
Does 43 divide 37536?
False
Is 480 a multiple of 37?
False
Is 5 a factor of 620?
True
Does 17 divide 578?
True
Is 869 a multiple of 28?
False
Does 70 divide 37660?
True
Is 90 a factor of 15840?
True
Is 780 a multiple of 10?
True
Is 69 a factor of 5313?
True
Is 6 a factor of 837?
False
Does 23 divide 11069?
False
Is 3896 a multiple of 20?
False
Is 512 a multiple of 32?
True
Is 89 a factor of 11303?
True
Is 3 a factor of 112?
False
Is 17 a factor of 3815?
False
Is 27 a factor of 4502?
False
Is 4637 a multiple of 21?
False
Is 4116 a multiple of 49?
True
Is 224 a multiple of 8?
True
Does 9 divide 1143?
True
Is 19 a factor of 776?
False
Is 6 a factor of 193?
False
Is 10 a factor of 8140?
True
Is 4983 a multiple of 33?
True
Is 9083 a multiple of 117?
False
Is 6 a factor of 2247?
False
Is 6041 even?
False
Is 101 a factor of 46911?
False
Is 1885 a multiple of 13?
True
Does 183 divide 7478?
False
Is 12 a factor of 123385?
False
Is 57 a factor of 2622?
True
Is 5706 a multiple of 6?
True
Is 781 a multiple of 11?
True
Is 16 a factor of 28512?
True
Is 16 a factor of 7408?
True
Is 9 a factor of 5427?
True
Is 15660 a multiple of 87?
True
Is 19 a factor of 589?
True
Is 117 a multiple of 23?
False
Is 31 a factor of 340?
False
Is 31 a factor of 3631?
False
Is 280 a multiple of 41?
False
Does 190 divide 47310?
True
Does 18 divide 406?
False
Is 18 a factor of 1109?
False
Does 4 divide 757?
False
Does 59 divide 59428?
False
Is 5148 a multiple of 156?
True
Is 35069 a multiple of 160?
False
Does 3 divide 614?
False
Is 74 a factor of 1406?
True
Does 59 divide 1344?
False
Is 13 a factor of 1222?
True
Is 11055 a multiple of 25?
False
Is 5 a factor of 95?
True
Is 4 a factor of 34?
False
Is 12 a factor of 375?
False
Is 9 a factor of 1854?
True
Is 53 a factor of 424?
True
Does 78 divide 1237?
False
Does 13 divide 39169?
True
Is 676 a multiple of 28?
False
Is 6058 a multiple of 8?
False
Does 12 divide 296?
False
Does 37 divide 13414?
False
Is 4 a factor of 2876?
True
Is 8 a factor of 2077?
False
Is 36 a factor of 12852?
True
Is 176 even?
True
Is 74 a factor of 11766?
True
Is 13 a factor of 1287?
True
Does 217 divide 6076?
True
Is 391 a multiple of 100?
False
Is 9 a factor of 8702?
False
Is 1505 a multiple of 27?
False
Does 110 divide 3655?
False
Is 40 a factor of 4640?
True
Is 20 even?
True
Is 42 a multiple of 21?
True
Does 86 divide 7740?
True
Is 8490 a multiple of 118?
False
Is 3 a factor of 253?
False
Is 10 a factor of 354?
False
Is 22 a factor of 3102?
True
Is 109001 a multiple of 17?
False
Is 4200 a multiple of 35?
True
Is 5254 a multiple of 74?
True
Does 193 divide 78937?
True
Is 3680 a multiple of 80?
True
Is 20 a factor of 2183?
False
Does 12 divide 2460?
True
Does 28 divide 1120?
True
Is 1751 a multiple of 25?
False
Is 4 a